or of g and n?
4
Let i be 29450 - (-9)/((-36)/(-56)). Calculate the highest common divisor of 58 and i.
58
Suppose -4*m - 40 = -32. Let g(l) = 8*l + 11. Let p be g(m). Let h(f) = f + 6. Let b be h(p). Calculate the highest common factor of 3 and b.
1
Suppose -5*r = -w - 104, r + 0*r + 4*w - 25 = 0. Suppose y - 339 = -3*m, 0 = 2*y + 5*m - 1126 + 449. Calculate the greatest common divisor of r and y.
21
Let y be (1213/(-12) + (-4)/16)/(18/(-27)). What is the greatest common divisor of y and 88?
8
Suppose -69457 = -9*b + 43234 - 26858. What is the highest common factor of b and 33?
33
Let d(u) = -u + 31. Let w be d(7). Suppose -20 = 5*l, -323*z + 318*z + 3716 = l. Calculate the highest common divisor of z and w.
24
Let o = -5338 + 6642. Calculate the highest common factor of 2119 and o.
163
Suppose 5*c = -5 + 30. Suppose -c*q = -62 + 37. Suppose 2*w - 72 = 18. Calculate the highest common factor of w and q.
5
Let o(a) = a**3 - 23*a**2 - 8*a - 8. Let f be o(24). Let y = f + -364. Calculate the highest common factor of y and 12.
12
Suppose -40*u + 2*v = -38*u - 1208, 0 = -u + 5*v + 636. Calculate the greatest common divisor of 8 and u.
4
Suppose 8*j + 29 = 53. Let a be (-3 - (-13)/j)/((-5)/(-570)). Calculate the highest common factor of a and 19.
19
Suppose -869 = 33*h - 2915. Calculate the greatest common divisor of 2 and h.
2
Suppose 0 = 40*f + f - 7216. Suppose 328 = 12*b - f. Suppose 0*i + 20 = 4*i + 4*t, 2*t + 2 = 0. Calculate the highest common divisor of b and i.
6
Suppose 61*x - 31*x = 90*x - 161700. What is the greatest common divisor of 63 and x?
7
Let p(q) = 2*q**2 + 26*q + 28. Let t be p(-12). Let b(w) = 9*w - 46. Let l be b(t). Let r be (32/l)/(32/(-720)). What is the highest common divisor of r and 9?
9
Let l be ((-48)/1)/(-2) - -1. Suppose -2*b - 14 = -2*y, 2*y + 77*b - 5 = 82*b. What is the greatest common factor of y and l?
5
Suppose -19*l = 33*l - 1248. Calculate the greatest common factor of l and 1170.
6
Suppose 0 = q - s - 63, -q + 0*s = -13*s - 159. Calculate the highest common divisor of 16885 and q.
55
Let s be ((-8 + 2)*(-186)/(-31))/(8/(-12)). Calculate the highest common factor of 86 and s.
2
Let k = 7 - -13. Let x = 29 - -203. Suppose -5*g - 59 = -z - 357, -4*g + x = -4*z. What is the greatest common divisor of k and g?
20
Suppose 18*y = 351 + 2097. Let d = 152 - y. What is the greatest common factor of 80 and d?
16
Let u = -1881 - -1975. Suppose 141 = 2*k - k. What is the greatest common factor of k and u?
47
Let z(o) = o**2 - 3*o - 958. Let g be z(35). What is the highest common factor of 666 and g?
18
Suppose t + 685 + 535 = 4*s, 2*s - t = 612. Calculate the highest common factor of s and 896.
16
Suppose 266 = -25*b - 34. Let v be b/2*(-21)/14. Let c be -1 - 73/1*-1. What is the greatest common divisor of c and v?
9
Let x = -467 + 1992. Suppose -x - 2255 = -14*d. Calculate the highest common divisor of d and 18.
18
Let w(m) = -m**2 - 72*m - 502. Let q be w(-64). What is the highest common divisor of 25 and q?
5
Let r(y) = 141*y**2 + 21*y + 50. Let v be r(-7). Calculate the greatest common factor of 52 and v.
52
Let m(w) = 3*w**3 + 58*w**2 + 7*w - 39. Let a be m(-19). What is the greatest common factor of 19467 and a?
189
Suppose -s = -4*v + 352, -5*v = -9*v - s + 344. Suppose 3*h - 184 = 5*z, 2*h - 2*z = v + 37. What is the greatest common factor of h and 147?
21
Let v = -8594 + 11191. Calculate the greatest common factor of 245 and v.
49
Suppose 27 = -4*j + 23. Let o(u) = -107*u + 5. Let i be o(j). Suppose 3*s = i + 116. Calculate the greatest common divisor of s and 4.
4
Let a(h) = 253*h - 2414. Let y be a(14). What is the greatest common factor of 216 and y?
24
Suppose -4*y = -l + 59 - 3, l - 3*y = 53. Calculate the highest common factor of l and 2948.
44
Let y be -6 + 6/(-2) - (26926 - -8)/(-6). What is the highest common factor of 175 and y?
35
Let c(y) = y**2 - 13*y + 56. Let h be c(11). Let x be (-4)/h - 154385/(-935). Calculate the highest common factor of 10 and x.
5
Let p be (-35)/(-1) + 7/(28/(-12)). Let y = -151 - -161. Let l be (24/y)/((-57)/(-3040)). What is the highest common divisor of p and l?
32
Suppose 130 = -3*w - 62. Let u = -43 - w. What is the highest common divisor of u and 49?
7
Let z = -52 + 52. Suppose -2*y - 2*y + 60 = z. Suppose 11*u - y*u = -216. What is the highest common factor of 18 and u?
18
Let l be -4 + 8/14*7. Suppose l = 50*d - 38*d - 408. Calculate the greatest common factor of 10 and d.
2
Suppose -2*q = 2*y - y - 978, -4*y - 4*q = -3908. Let p = -381 + 397. Calculate the greatest common divisor of y and p.
16
Let i = -725 - -885. What is the greatest common factor of 230 and i?
10
Suppose -2*y = 8, 0 = -3*c + 5*y + 10 + 37. Suppose p + 438 = 4*p + 2*w, 4*w + 276 = 2*p. What is the greatest common divisor of p and c?
9
Suppose 91*x + 82 - 1629 = 0. Calculate the greatest common factor of 2159 and x.
17
Let l = 3959 + -3914. What is the highest common divisor of 50 and l?
5
Suppose v = 3*l + 1621, -3*v - 146*l = -143*l - 4827. Calculate the highest common divisor of 130 and v.
26
Suppose 112 = -8*q + 15*q. Let w(m) = -m**3 + 72*m**2 - 72*m + 91. Let g be w(71). What is the highest common divisor of q and g?
4
Suppose -3*z - 15 = -2*l, 0 = 5*l + z + 5. Suppose 4*m = l, 3*w + 5*m = w + 52. Calculate the highest common divisor of w and 286.
26
Let s = -95 + 16. Let q = -83 - s. Let h be ((-120)/(-25) + q)*180. Calculate the highest common factor of h and 48.
48
Let f(y) = -2*y**3 - 15*y**2 + 26*y - 8. Let h be f(-10). What is the greatest common factor of h and 24?
8
Let c(x) = 6*x**2 - 2*x + 8. Let o be c(-3). Calculate the greatest common factor of o and 14926.
34
Let l = 1046 - 1043. Let a(r) = -2*r + 2*r**3 + r**3 + r - 2*r**2. Let j be a(l). Calculate the greatest common factor of 20 and j.
20
Let g(c) = 5*c + 4. Let k be g(-1). Let r be ((-15)/(-10))/(k/14). Let l be 344/3 - 7/r. What is the greatest common factor of l and 46?
23
Suppose -21*w + 7088 + 1557 = -910. Calculate the highest common factor of w and 1855.
35
Let a(r) = 45 + 7*r + 2*r**2 - 3*r + r - 42. Let t be a(4). Suppose 0 = 33*y - 38*y + t. What is the highest common factor of 11 and y?
11
Let j be (-22 + (40 - 19))*-17. What is the highest common factor of 3893 and j?
17
Suppose 35*b = 32*b + 9. Suppose 3*q - 678 = -4*p, -606 = -b*q + 5*p + 45. What is the greatest common factor of 74 and q?
74
Suppose 3*c - 3*o = 1842, 4*c - 7*o - 2459 = -2*o. Let j be (1064/(-152))/((-66)/26 - -2). Calculate the highest common divisor of j and c.
13
Let d = 26 - 227. Let s = d - -207. Calculate the highest common factor of s and 18.
6
Let v = -31 + 51. Let p be 528/v - (-2)/(-5). Suppose -19698 + 1245 = -651*n + 23862. Calculate the greatest common divisor of n and p.
13
Let b be (2/5)/(-6*(-9)/270). Suppose -754 = -15*k + b*k. What is the highest common factor of k and 174?
58
Suppose 51721 = 3*n - 14*s, 6098 = -2*n + s + 40537. What is the greatest common factor of 9 and n?
9
Suppose -4*b + 41 = o, -b + 5*o = -19 - 7. Suppose b*l = 10*l - 68. Let f = l + 78. What is the greatest common divisor of 35 and f?
5
Let p = 36 + -8. Let w be (602/p)/((-1)/(-6)). What is the highest common factor of w and 43?
43
Let h(x) be the first derivative of -43*x**2 - 64*x - 65. Let i be h(-4). What is the greatest common factor of 120 and i?
40
Let b(n) = 197*n - 111. Let a be b(6). Let g be (-2)/1*a/(-6) + -5. Calculate the greatest common divisor of g and 11.
11
Let z be (2/3)/((-92)/(-1104)). What is the highest common divisor of z and 226?
2
Let h be (155445/(-86))/((-18)/48). Calculate the highest common factor of h and 20.
20
Let a be (-7 + 3)/(-8)*422. Let m = a - 157. Calculate the greatest common factor of 36 and m.
18
Suppose -27*k - 3*k + 620 = k. Calculate the greatest common factor of 84 and k.
4
Let t(p) be the first derivative of 6 + 2*p**2 + 6*p + 1/3*p**3. Let b be t(-6). What is the greatest common divisor of 27 and b?
9
Let u = 51 + -58. Let s = u - -14. Suppose -420 = -0*v - s*v. What is the highest common factor of v and 6?
6
Suppose v + 0*v - 15 = 3*n, 2*v - 6 = 0. Let l be (-19)/6*2 + n/(-12). Let t be (-2310)/(-20)*l/(-9). Calculate the highest common factor of 22 and t.
11
Let d(k) = -10*k**3 + 18*k**2 - 22*k - 3